is the remainder when 233 is divided by 67?
32
Calculate the remainder when 173 is divided by 30.
23
What is the remainder when 373 is divided by 183?
7
What is the remainder when 6911 is divided by 24?
23
Calculate the remainder when 1034 is divided by 106.
80
Calculate the remainder when 9203 is divided by 26.
25
Calculate the remainder when 27 is divided by 8.
3
Calculate the remainder when 203 is divided by 19.
13
What is the remainder when 48 is divided by 13?
9
What is the remainder when 259 is divided by 113?
33
Calculate the remainder when 2624 is divided by 105.
104
What is the remainder when 2022 is divided by 9?
6
What is the remainder when 69 is divided by 21?
6
What is the remainder when 189 is divided by 32?
29
Calculate the remainder when 6146 is divided by 15.
11
Calculate the remainder when 6650 is divided by 9.
8
Calculate the remainder when 277 is divided by 137.
3
What is the remainder when 3023 is divided by 28?
27
What is the remainder when 1481 is divided by 78?
77
Calculate the remainder when 185 is divided by 31.
30
Calculate the remainder when 1598 is divided by 47.
0
Calculate the remainder when 616 is divided by 86.
14
Calculate the remainder when 70 is divided by 25.
20
Calculate the remainder when 83 is divided by 18.
11
Calculate the remainder when 55 is divided by 1.
0
Calculate the remainder when 34 is divided by 2.
0
What is the remainder when 3415 is divided by 148?
11
What is the remainder when 870 is divided by 146?
140
What is the remainder when 482 is divided by 99?
86
Calculate the remainder when 172 is divided by 129.
43
Calculate the remainder when 110 is divided by 56.
54
What is the remainder when 620 is divided by 48?
44
Calculate the remainder when 26675 is divided by 103.
101
What is the remainder when 178 is divided by 50?
28
Calculate the remainder when 375 is divided by 61.
9
Calculate the remainder when 170 is divided by 92.
78
Calculate the remainder when 100 is divided by 39.
22
Calculate the remainder when 205 is divided by 23.
21
What is the remainder when 5866 is divided by 1172?
6
What is the remainder when 80 is divided by 27?
26
Calculate the remainder when 266 is divided by 31.
18
Calculate the remainder when 5739 is divided by 20.
19
What is the remainder when 53 is divided by 27?
26
What is the remainder when 931 is divided by 38?
19
What is the remainder when 487 is divided by 38?
31
Calculate the remainder when 2293 is divided by 56.
53
Calculate the remainder when 536 is divided by 166.
38
Calculate the remainder when 67 is divided by 33.
1
What is the remainder when 1794 is divided by 221?
26
What is the remainder when 741 is divided by 26?
13
What is the remainder when 5082 is divided by 23?
22
Calculate the remainder when 200 is divided by 17.
13
Calculate the remainder when 125 is divided by 103.
22
Calculate the remainder when 54 is divided by 10.
4
What is the remainder when 171 is divided by 164?
7
Calculate the remainder when 58 is divided by 7.
2
Calculate the remainder when 256 is divided by 245.
11
Calculate the remainder when 440 is divided by 31.
6
What is the remainder when 565 is divided by 52?
45
What is the remainder when 1629 is divided by 10?
9
Calculate the remainder when 328 is divided by 33.
31
What is the remainder when 7087 is divided by 2359?
10
Calculate the remainder when 6477 is divided by 82.
81
What is the remainder when 602 is divided by 194?
20
What is the remainder when 7368 is divided by 38?
34
Calculate the remainder when 152 is divided by 16.
8
Calculate the remainder when 242 is divided by 125.
117
Calculate the remainder when 4279 is divided by 30.
19
What is the remainder when 388 is divided by 112?
52
Calculate the remainder when 188 is divided by 90.
8
Calculate the remainder when 31 is divided by 18.
13
Calculate the remainder when 300 is divided by 101.
98
What is the remainder when 923 is divided by 12?
11
What is the remainder when 4477 is divided by 10?
7
Calculate the remainder when 1006 is divided by 101.
97
What is the remainder when 296 is divided by 137?
22
Calculate the remainder when 205 is divided by 87.
31
What is the remainder when 428 is divided by 129?
41
Calculate the remainder when 144 is divided by 5.
4
What is the remainder when 304 is divided by 64?
48
What is the remainder when 52 is divided by 25?
2
Calculate the remainder when 462 is divided by 80.
62
Calculate the remainder when 1089 is divided by 260.
49
What is the remainder when 672 is divided by 19?
7
Calculate the remainder when 182 is divided by 19.
11
What is the remainder when 1907 is divided by 83?
81
What is the remainder when 58 is divided by 7?
2
Calculate the remainder when 124 is divided by 27.
16
Calculate the remainder when 442 is divided by 37.
35
Calculate the remainder when 1417 is divided by 139.
27
Calculate the remainder when 303 is divided by 34.
31
What is the remainder when 175 is divided by 45?
40
Calculate the remainder when 178 is divided by 12.
10
What is the remainder when 312 is divided by 101?
9
Calculate the remainder when 1181 is divided by 13.
11
What is the remainder when 200 is divided by 17?
13
Calculate the remainder when 432 is divided by 19.
14
Calculate the remainder when 853 is divided by 107.
104
What is the remainder when 117 is divided by 10?
7
Calculate the remainder when 1 is divided by 1.
0
Calculate the remainder when 236 is divided by 34.
32
What is the remainder when 1473 is divided by 337?
125
Calculate the remainder when 122 is divided by 75.
47
What is the remainder when 805 is divided by 135?
130
Calculate the remainder when 1073 is divided by 44.
17
Calculate the remainder when 185 is divided by 24.
17
Calculate the remainder when 275 is divided by 251.
24
Calculate the remainder when 50 is divided by 4.
2
What is the remainder when 256 is divided by 66?
58
Calculate the remainder when 2189 is divided by 724.
17
Calculate the remainder when 194 is divided by 184.
10
Calculate the remainder when 244 is divided by 21.
13
Calculate the remainder when 60 is divided by 34.
26
What is the remainder when 336 is divided by 85?
81
What is the remainder when 149 is divided by 70?
9
Calculate the remainder when 267 is divided by 54.
51
Calculate the remainder when 4437 is divided by 39.
30
What is the remainder when 143 is divided by 29?
27
What is the remainder when 102 is divided by 57?
45
What is the remainder when 1043 is divided by 450?
143
What is the remainder when 252 is divided by 192?
60
Calculate the remainder when 313 is divided by 141.
31
Calculate the remainder when 3320 is divided by 19.
14
What is the remainder when 296 is divided by 38?
30
Calculate the remainder when 32598 is divided by 20.
18
Calculate the remainder when 535 is divided by 109.
99
What is the remainder when 72 is divided by 57?
15
What is the remainder when 8366 is divided by 135?
131
Calculate the remainder when 234 is divided by 59.
57
Calculate the remainder when 7953 is divided by 153.
150
What is the remainder when 1022 is divided by 72?
14
Calculate the remainder when 101 is divided by 52.
49
Calculate the remainder when 67 is divided by 55.
12
What is the remainder when 5021 is divided by 32?
29
Calculate the remainder when 223 is divided by 14.
13
What is the remainder when 527 is divided by 44?
43
What is the remainder when 20 is divided by 15?
5
What is the remainder when 1568 is divided by 22?
6
What is the remainder when 186 is divided by 175?
11
Calculate the remainder when 146 is divided by 21.
20
What is the remainder when 479 is divided by 148?
35
Calculate the remainder when 99 is divided by 3.
0
What is the remainder when 117 is divided by 30?
27
What is the remainder when 947 is divided by 25?
22
Calculate the remainder when 289 is divided by 107.
75
Calculate the remainder when 1578 is divided by 20.
18
Calculate the remainder when 2606 is divided by 29.
25
What is the remainder when 527 is divided by 9?
5
Calculate the remainder when 1812 is divided by 15.
12
What is the remainder when 108 is divided by 25?
8
What is the remainder when 21906 is divided by 132?
126
Calculate the remainder when 334 is divided by 210.
124
What is the remainder when 11599 is divided by 25?
24
Calculate the remainder when 2833 is 